
25
What is the highest common divisor of 105 and 153265?
35
What is the highest common divisor of 24 and 117?
3
What is the greatest common divisor of 1200 and 10158000?
1200
Calculate the highest common factor of 3336 and 45870.
834
Calculate the greatest common divisor of 33930 and 2958.
174
Calculate the highest common divisor of 54989 and 132.
11
Calculate the greatest common divisor of 476 and 363732.
68
Calculate the highest common divisor of 2320 and 7270.
10
What is the highest common divisor of 120 and 332320?
40
Calculate the greatest common factor of 9 and 21258.
9
Calculate the greatest common factor of 13 and 793.
13
Calculate the highest common divisor of 1910 and 6595.
5
Calculate the highest common divisor of 505 and 9045.
5
What is the greatest common factor of 2072888 and 94?
94
Calculate the highest common factor of 125 and 3400.
25
Calculate the highest common factor of 777 and 391719.
111
What is the highest common factor of 338768 and 9920?
496
Calculate the highest common divisor of 258970 and 380.
190
What is the greatest common factor of 1439500 and 20?
20
Calculate the greatest common factor of 15781 and 9175.
367
Calculate the highest common factor of 4120209 and 333.
333
Calculate the greatest common factor of 15215 and 85.
85
Calculate the greatest common factor of 720 and 860.
20
What is the greatest common divisor of 91218 and 506?
46
What is the greatest common divisor of 74625 and 597?
597
Calculate the highest common divisor of 24666 and 306.
6
Calculate the greatest common factor of 150406 and 20410.
314
What is the greatest common factor of 3163183 and 1941?
647
Calculate the greatest common divisor of 375 and 85000.
125
Calculate the highest common divisor of 4955 and 3001739.
991
What is the highest common factor of 165 and 110154?
33
Calculate the highest common factor of 630 and 91035.
315
What is the highest common factor of 3716832 and 56?
56
Calculate the greatest common factor of 28701747 and 9.
9
Calculate the greatest common divisor of 326 and 54442.
326
What is the greatest common factor of 157 and 94357?
157
What is the highest common divisor of 2317 and 4965?
331
Calculate the greatest common factor of 5558 and 2842.
14
Calculate the highest common divisor of 418014 and 6.
6
What is the greatest common divisor of 36 and 1162692?
36
Calculate the greatest common divisor of 36388 and 528.
44
What is the greatest common divisor of 903 and 10707?
129
Calculate the greatest common divisor of 1322835 and 870.
435
What is the highest common divisor of 1678678 and 46?
46
What is the greatest common divisor of 6800 and 18190?
170
Calculate the highest common factor of 305942 and 143.
13
What is the greatest common factor of 8835456 and 692?
692
Calculate the greatest common divisor of 11750 and 18500.
250
What is the greatest common factor of 180717 and 177?
177
What is the greatest common factor of 6 and 192264?
6
What is the greatest common divisor of 631240 and 10?
10
Calculate the highest common divisor of 1529768 and 1376.
344
What is the greatest common factor of 1512 and 418392?
216
What is the greatest common divisor of 259 and 635882?
37
Calculate the greatest common divisor of 48 and 2245326.
6
Calculate the highest common factor of 1387750 and 10.
10
What is the greatest common factor of 330 and 75840?
30
What is the greatest common factor of 1586175 and 600?
75
What is the greatest common divisor of 15 and 14435?
5
What is the highest common divisor of 21973 and 86?
43
Calculate the greatest common divisor of 1334 and 6992.
46
What is the highest common divisor of 238 and 7004?
34
Calculate the highest common divisor of 7144 and 987.
47
Calculate the greatest common factor of 1542 and 20560.
514
What is the highest common divisor of 24 and 9291?
3
What is the greatest common divisor of 381 and 72263?
127
Calculate the greatest common divisor of 8 and 2419.
1
What is the highest common divisor of 120 and 445704?
24
Calculate the greatest common divisor of 366229 and 92.
23
What is the greatest common divisor of 1248 and 248928?
96
What is the greatest common factor of 54588 and 72?
12
Calculate the greatest common divisor of 4390056 and 241.
241
Calculate the highest common factor of 2510 and 6558128.
502
Calculate the highest common factor of 248 and 317192.
248
Calculate the highest common factor of 781 and 8378.
71
Calculate the greatest common divisor of 2599 and 565.
113
What is the highest common factor of 41632 and 416?
32
What is the greatest common divisor of 114196 and 4?
4
Calculate the greatest common factor of 1533089 and 577.
577
What is the greatest common divisor of 7605 and 6435?
585
Calculate the highest common factor of 38 and 158422.
38
Calculate the greatest common factor of 440240 and 160.
80
Calculate the highest common factor of 2512585 and 5.
5
Calculate the highest common divisor of 25 and 79.
1
What is the highest common factor of 92 and 140093?
23
Calculate the highest common factor of 15 and 3228795.
15
What is the greatest common divisor of 115 and 232829?
23
Calculate the greatest common divisor of 64 and 129968.
16
What is the highest common factor of 2958 and 347478?
174
Calculate the highest common divisor of 896 and 2086.
14
Calculate the highest common divisor of 25250 and 875.
125
What is the greatest common factor of 824 and 3832?
8
What is the highest common divisor of 18 and 99630?
18
Calculate the highest common factor of 14454 and 22.
22
What is the highest common divisor of 13991 and 34?
17
Calculate the highest common factor of 3910 and 80546.
782
Calculate the highest common factor of 66290 and 105.
35
What is the greatest common factor of 5321367 and 279?
279
Calculate the greatest common divisor of 532 and 34846.
266
What is the highest common factor of 2951 and 40179?
227
What is the greatest common factor of 3767920 and 5200?
1040
Calculate the greatest common factor of 3144673 and 5684.
1421
Calculate the greatest common factor of 33 and 232199.
11
Calculate the greatest common divisor of 16155 and 510.
15
What is the greatest common factor of 2279 and 89517?
53
What is the highest common factor of 2336 and 31609?
73
Calculate the highest common divisor of 12358 and 13360.
334
What is the highest common divisor of 27 and 222399?
27
Calculate the highest common factor of 36 and 141204.
12
What is the greatest common factor of 218501 and 357?
17
What is the greatest common divisor of 577470 and 210?
30
What is the highest common divisor of 3 and 1017741?
3
Calculate the highest common divisor of 17407 and 2873.
169
Calculate the highest common factor of 31143 and 1491.
21
Calculate the greatest common factor of 183 and 111752.
61
What is the greatest common factor of 77604 and 696?
348
Calculate the greatest common divisor of 275 and 153175.
275
Calculate the highest common divisor of 1144351 and 494.
247
Calculate the highest common factor of 285 and 521132.
19
What is the highest common divisor of 96624 and 336?
48
What is the highest common factor of 3 and 552117?
3
What is the highest common factor of 256 and 58688?
64
What is the highest common divisor of 2443223 and 17?
17
What is the greatest common divisor of 234 and 348738?
78
What is the highest common divisor of 19116 and 531708?
708
Calculate the greatest common factor of 52626 and 42.
42
What is the highest common factor of 1215 and 10845?
45
What is the highest common divisor of 1980 and 1958?
22
Calculate the greatest common divisor of 266 and 30172.
38
Calculate the highest common divisor of 220 and 580.
20
Calculate the highest common factor of 2310 and 123130.
70
What is the greatest common divisor of 30442 and 281343?
491
Calculate the highest common divisor of 270501 and 5082.
231
Calculate the greatest common divisor of 1801965 and 22.
11
What is the highest common factor of 10164 and 22792?
308
Calculate the highest common factor of 60767 and 91.
7
Calculate the greatest common factor of 470 and 85380.
10
What is the greatest common factor of 300506 and 2134?
194
Calculate the greatest common factor of 734208 and 717.
717
Calculate the greatest common divisor of 66962 and 5320.
14
Calculate the greatest common divisor of 42 and 97958.
14
What is the highest common divi